Suppose -3*l = -3, -l + 103 = 5*i - q. List the prime factors of i.
2, 7
Let t(v) = -1334*v + 252. List the prime factors of t(-41).
2, 83, 331
Let z(p) = 13*p + 18*p**2 - 16*p**2 - 45 + 16*p**2. What are the prime factors of z(4)?
5, 59
Let v(f) = -34*f - 93. Let g(j) = -17*j - 46. Let w = 26 - 30. Let i(n) = w*v(n) + 9*g(n). What are the prime factors of i(-13)?
179
Let r be -3 + ((-57)/(-2))/(3/(-5946)). What are the prime factors of (r/(-18))/7 + 1/(-3)?
2, 7
Suppose -12*g = -9*g - 2*b - 9, -g + b + 3 = 0. Suppose 4*j = z + 1457, -2*j - g*z - 1467 = -6*j. List the prime factors of j.
3, 11
Let b(k) = -15*k - 3. Let h(z) = z - 9. Let i be h(6). Let w be b(i). What are the prime factors of -3*1/2*(-616)/w?
2, 11
Suppose 4*w = 4*v - 12, -w + 0*w + 21 = 2*v. Let q be v/12 + (950/(-3))/(-2). Let x = q - -17. List the prime factors of x.
2, 11
Suppose -2*t = -2*k - t + 15, 5*k = -4*t + 18. Suppose -k*z + 1589 = -511. What are the prime factors of z?
2, 5, 7
What are the prime factors of 2/23 - 36074238/(-2346)?
15377
Let l(i) = 90*i + 10. Let u be 26/10 + (-144)/240. List the prime factors of l(u).
2, 5, 19
Let b(z) = 8*z + 148. Let o be b(-31). Let l = o + 251. What are the prime factors of l?
151
Let f = 2414 - -3513. List the prime factors of f.
5927
Let s = 45086 - 26634. Suppose -164*k + 178*k = s. What are the prime factors of k?
2, 659
Let n = -25567 + 29250. What are the prime factors of n?
29, 127
Let g be 18/5 + 38/95. Let k(i) = 3*i**3 + 14*i - 1. List the prime factors of k(g).
13, 19
Let v be ((-72)/48)/(3/340). List the prime factors of 546/(-4)*v/51 - -2.
457
Let z(w) = w**3 - 11*w**2 + 8*w - 1. Let f be 3 - (-2 + -5 - 0). Let g be z(f). List the prime factors of 14/g*(-174)/1.
2, 29
Let o(b) = 44*b**2 + 6*b - 65. What are the prime factors of o(-8)?
3, 17, 53
Let z = 3073 + 306. Suppose t - 559 = -5*x + 584, 5*x - z = -3*t. What are the prime factors of t?
2, 13, 43
Let v be (-56)/(-16) + 6/(-4). Let l be (0/(-2 + 3))/v. Suppose -4*o + 5*j + 315 = l, 2*j + 0*j = -2*o + 144. List the prime factors of o.
3, 5
Let r(j) be the third derivative of -25*j**4/6 + 24*j**3 - 220*j**2. What are the prime factors of r(-15)?
2, 3, 137
Suppose -6878 = 25*n - 63*n. Suppose 3*j = h + 4*h + 139, -4*j - 5*h + 127 = 0. Let z = n - j. What are the prime factors of z?
11, 13
Let m = -8 + 11. Suppose 0 = -7*x + 4*x - m*b, 5*x = 5*b. Suppose x = 5*y - 4*y + o - 71, -5*y - o + 363 = 0. What are the prime factors of y?
73
Let n be (5 - (-4)/(-4))*(-3)/(-6). Suppose 0 = -3*f + 5*o + 205, -59 - 86 = -n*f + 5*o. Let k = 94 - f. What are the prime factors of k?
2, 17
Suppose 0 = 9*t - 0 + 9. Let r(u) = -348*u - 1. List the prime factors of r(t).
347
Let w be ((-2)/5)/((-4)/(-280)). What are the prime factors of (-7)/(w/(-8))*1156/(-8)?
17
Let g(v) = v**3 + 5*v**2 + 912. Let s be g(0). Suppose 11*z - 13*z + s = -p, 0 = 5*z - 5*p - 2270. What are the prime factors of z?
2, 229
Suppose -4*h = -y + 3, 2*h + 8 = y + 3*h. Suppose y*o = o + 18. Suppose 2*k - o = -9, 0 = -4*n + 5*k + 27. What are the prime factors of n?
3
List the prime factors of -4*(-108)/192*(-24788)/(-3).
3, 6197
Suppose 36504 = 15*h - 11646. Suppose 0 = -2*j - 8*j + h. List the prime factors of j.
3, 107
Suppose -4*v = z - 31673, -3*z - 7530 = -4*v + 24155. List the prime factors of v.
7919
Let b(l) = -7*l**3 + l**2 - 4*l - 5. Let s be b(6). Let n = -1024 - s. What are the prime factors of n?
13, 37
Suppose 21*n + 32 = 13*n. Let z(d) = -11*d**3 - d**2 + 4*d - 7. List the prime factors of z(n).
5, 7, 19
Let h = 951 + 776. Let a = h - 272. List the prime factors of (-2 - -1)/(-4 + a/365).
73
Let p be 23506/(-20) - 51/(-170). Let f = 254 - p. List the prime factors of f.
1429
Let r(b) = b**2 + 9*b + 6. Let m be r(-10). Suppose -4*o + 24 = 2*o. Suppose -m - o = -q. List the prime factors of q.
2, 5
Let z(d) = 3*d**2 - 3*d + 4. Let o be z(4). Suppose -77*f + 4*p = -72*f - 39, p = -4*f + 6. What are the prime factors of 4190/o - f/(-12)?
3, 5, 7
Let m = 9930 - 5740. List the prime factors of m.
2, 5, 419
Let k be (-6)/30 - 0 - (-1593)/15. Suppose -3*p + k = i - 461, -5*p = i - 945. What are the prime factors of p?
3, 7
Let r be (-5 - 5 - -5)/(1/3). Let n(c) = c + 17. Let l be n(r). Suppose 468 = l*h + 2*q, 2*h + q - 120 = 345. What are the prime factors of h?
3, 7, 11
Let x = 3146 - 2688. List the prime factors of x.
2, 229
Let t(m) = 6*m**2 + 10*m + 26. Suppose -2*o - 54 = -5*q, -30 = 2*q - 6*q - 5*o. List the prime factors of t(q).
2, 3, 11
Let h(f) = f**3 - 5*f**2 - 7*f - 2. Let y be h(6). Let z be 2 + (-11 - y) + (3 - 1). Let m(n) = 25*n**2 + 1. What are the prime factors of m(z)?
2, 13
Suppose 182*q + 30135 = 185*q. List the prime factors of q.
5, 7, 41
Let u = -8714 + 17008. Suppose 11*f = u - 2409. What are the prime factors of f?
5, 107
Let f be (3/15 + 5/(-25))/(1*-2). Let d be (-1 - (-1 + -1)) + 1. Suppose -6 = -a - x - f*x, -d*x = 3*a - 21. List the prime factors of a.
3
Let y(v) = 79*v**2 + 10*v - 17. Let t be y(5). Let f = -580 + t. What are the prime factors of f?
2, 3, 7, 17
Suppose 14 = -112*x + 119*x. Suppose 4*q - 48 = 2*v, -q - 3 = -6. What are the prime factors of x/9 + 386*(-4)/v?
2, 43
Suppose 7*y - 12 = y. Suppose -6*g + 3*g + 289 = 5*k, y*g = k + 184. Let u = 185 - g. List the prime factors of u.
2, 23
Let j be 2500/6 + (-11)/(-33). Suppose -j = -6*u + 2013. What are the prime factors of u?
3, 5
Let w be (-15)/(-18) - (-38)/12. Suppose -4279 = -w*u + s, 5*u - 5347 = -2*s + 5*s. List the prime factors of u.
2, 5, 107
Let v be -3 + (-6)/3 + 5. Suppose v = -2*f + 9 + 15. Suppose f = 3*z - 372. What are the prime factors of z?
2
Suppose 9*l + 1472 = 13*l. Let b = l + -211. What are the prime factors of b?
157
Let q(w) = 252*w - 212. Let z be q(8). Suppose 5*o + 451 = l, -4*l = -0*l - 2*o - z. What are the prime factors of l?
11, 41
Let z = 38 - -60. Let o = -101 + z. List the prime factors of (83 + -2 + o)*(-6)/(-12).
3, 13
Let x be (-2)/8*-2*-16 - -5. Let p(l) = -20*l**3 + 2*l**2 + l - 9. List the prime factors of p(x).
2, 3, 7, 13
Let t = 33334 - -204. List the prime factors of t.
2, 41, 409
Let p = 24 - 19. Suppose -p*w = 3*x - 1700, w - 4*w + 4*x + 1020 = 0. List the prime factors of w.
2, 5, 17
Let b(j) = -13*j**3 + 6 + 3*j**3 + 3*j**2 + 3*j**3 - 3*j + 6*j**3. Let a be b(3). List the prime factors of (95/20)/(a/(-36)).
3, 19
Let w be 7*5*(-9 - (-145896)/56). What are the prime factors of w/104 - (-2)/(8/(-3))?
3, 97
Suppose 0 = u + 1, -4*b + 32*u = 31*u - 58977. What are the prime factors of b?
2, 19, 97
Let v = -810 + 844. Let u(z) = 30*z**2 - 2*z + 3. Let g be u(2). Let c = v + g. What are the prime factors of c?
3, 17
Suppose 136 = -4*f - 4*v, -4*f - 2*v - 112 = -4*v. Let j = f - -350. What are the prime factors of j?
2, 5
Let i(u) = 1580*u - 3190. List the prime factors of i(14).
2, 3, 5, 631
Let v(n) = 187*n + 3302. What are the prime factors of v(23)?
7603
Let i(f) = -111*f + 1793. List the prime factors of i(0).
11, 163
Let f be (-49 + 44)*593*(-1)/5. Suppose -4*u + f = -9*j + 4*j, -3*j - 3 = 0. What are the prime factors of u?
3, 7
Let o(v) = 2*v**3 - 18*v**2 + 38*v - 1. Let p be o(11). Suppose -14*t = 229 - p. What are the prime factors of t?
2, 3
Let g(t) = -t**3 + 12*t**2 + 28*t + 4. Let v = -75 + 89. Let k be g(v). Let d = 112 - k. List the prime factors of d.
2, 3
Let u(t) = 11*t**2 + 9*t - 15. Let i be u(5). Suppose i = 5*c + 5*o, 6*o - 41 = -c + o. What are the prime factors of 6 - 2 - 5 - c/(-2)?
2
Let z(q) be the first derivative of 7*q**4/4 - q**3 - q**2 + 34*q + 9. Let h(i) be the first derivative of z(i). What are the prime factors of h(-2)?
2, 47
Let v(j) = -357*j**2 + 4*j - 3. Let r(i) = 1070*i**2 - 11*i + 8. Let d(g) = 3*r(g) + 8*v(g). Let b be d(-1). Let p = b + -228. What are the prime factors of p?
127
Let i(l) be the first derivative of 47*l**3 + l**2 - 9*l + 94. List the prime factors of i(2).
13, 43
Let a(n) = -2*n - 1. Let d(t) = -35*t + 8. Let g(z) = 456*z - 105. Let h(q) = 27*d(q) + 2*g(q). Let o(p) = 4*a(p) - h(p). What are the prime factors of o(2)?
2, 5
Suppose -202197 = -60*d + 63603. What are the prime factors of d?
2, 5, 443
Suppose 0 = -2*l - l - 2*l + 187290. What are the prime factors of l?
2, 3, 2081
Suppose -x = -5*a - 285, -4*x